8 = 3*i. Calculate the remainder when i is divided by 11.
8
Suppose -u - 2*s + 7 = 0, -s - 25 = -3*u - 5*s. What is the remainder when (8 - (5 - 13)) + (0 - -5) is divided by u?
10
Calculate the remainder when 203 is divided by (-796)/(-8) + -4*5/(-40).
3
Let u be 3/2*20/6. Let z(l) = 3*l - 12. Calculate the remainder when 19 is divided by z(u).
1
Let t be (-1050)/(-4) + 3/2. Suppose -2*d - t = -5*d. Suppose -2*r + d = 2*r. Calculate the remainder when r is divided by 12.
10
Suppose -2*l + 40 = 3*l. Suppose -l - 20 = -4*g. Let n(v) = v**2 - 21*v + 23. What is the remainder when g is divided by n(20)?
1
Suppose -12*q = -32*q + 2080. What is the remainder when q is divided by 15?
14
Suppose -9*t + 48 + 1338 = 0. Suppose -2*s + 32 = -t. Calculate the remainder when s is divided by 24.
21
Let x(o) = 11*o**2 - 18*o - 66. What is the remainder when x(-3) is divided by 1/(1/12) - 2?
7
Let y(v) = -v + 26. Let w(s) = s**3 + 7*s**2 + 5*s - 6. Let t be w(-6). Let a = 6 - -3. Calculate the remainder when y(t) is divided by a.
8
Suppose 0 = -5*p + 4*c + 260, -2*p = 2*p + 5*c - 208. Suppose -5*h - 19 = 1, 2*w - p = -h. What is the remainder when (w/14)/((-1)/(-11)) is divided by 12?
10
Let x be (-125)/(-20) - 3/(-4). Let c(r) = -2 - 12*r + 4 + x + 9*r. Calculate the remainder when c(-6) is divided by 14.
13
Let w = 52 - 72. What is the remainder when 2/(-10) + (-424)/w is divided by 12?
9
Let o(f) = f**3 - 16*f**2 + 17*f + 28. What is the remainder when 179 is divided by o(15)?
5
Let x = 23 + 24. What is the remainder when x is divided by ((-20)/6)/((-14)/105)?
22
Let i(d) = 2*d - 8. Let h(g) = -g - 1. Let j(c) = -3*h(c) - i(c). Let z be j(-7). Let f(b) = 4*b**2 + 5*b + 3. What is the remainder when f(z) is divided by 30?
27
Let q = 100 - 50. Suppose -4*f + q + 54 = 0. Let h = 10 - -5. What is the remainder when f is divided by h?
11
Let k = 452 - 381. Calculate the remainder when 564 is divided by k.
67
Let w(r) = -14*r + 234. Calculate the remainder when w(13) is divided by 21.
10
Let q(p) = -2*p + 14. What is the remainder when 96 is divided by q(-8)?
6
Calculate the remainder when 232 is divided by -3*(26/(-8))/(1/4).
37
Let y(s) = s**2 - 13*s - 171. What is the remainder when y(-9) is divided by 7?
6
Suppose -5*z + 27 = -4*l, -4*l - 3*z = -0*l + 3. Suppose 3*x - 9 = -g, -2*x + 6*x - 22 = -2*g. What is the remainder when (-40 - 3)/(2 + l) is divided by g?
13
Suppose -5*k - 2*z = -381, z = k - 60 - 19. Let y = 47 + -27. What is the remainder when k is divided by y?
17
Suppose -x = 5*k - 6*x - 3810, 0 = -4*k - 3*x + 3062. What is the remainder when k is divided by 153?
152
Suppose -2*c + 557 = o - 196, 2*c - 2*o - 768 = 0. Calculate the remainder when c is divided by 115.
34
Let g(h) = 2*h**2 + 57*h + 65. Let a = 15 + -10. Suppose 2*k = -4, -28 = -s - k + a*k. What is the remainder when g(-28) is divided by s?
17
Let d be 6/(-2) + (0 - -2). What is the remainder when 42 is divided by d/3 + (-28)/(-3)?
6
Let u(k) = -3*k - 26. Let z be u(-8). Suppose 3*p = 5*v - 0*p - 373, 3*v = -p + 221. What is the remainder when v is divided by ((-1 - 0)*z)/(2/19)?
17
Suppose 108 = 3*i - 13*y + 10*y, -2*i = -5*y - 57. Calculate the remainder when 75 is divided by i.
34
Suppose p = 4*z - 19 + 5, 0 = p + 5*z - 22. Suppose -3*j - 5*l = -p*l - 36, 5*j - 2*l - 39 = 0. What is the remainder when j is divided by 3?
0
Let v(h) = h - 11. Let y(q) = -q + 1. Let z(a) = -v(a) + y(a). Calculate the remainder when z(-9) is divided by 9.
3
Calculate the remainder when 918 is divided by -10*6/(-30) + 38.
38
Let t = 29 + -15. Calculate the remainder when 446/8 + (-3)/4 is divided by (0/3 + 1)*t.
13
Let o be (160/15)/(1/(-33)). Let h be o/7 - 22/(-77). Let y = h + 107. What is the remainder when y is divided by 15?
12
Let g = 35 - 30. Suppose -5*s + 3 = -2*d, -4*d - g*s + 33 = -6. Calculate the remainder when d is divided by 1/4*2*4.
0
Let k = -336 + 359. Calculate the remainder when k is divided by 17.
6
What is the remainder when (-1)/(3/(-21) + 342/2541) is divided by 36?
13
Suppose -a + 11 = r, 3*a - 25 = -0*r - r. Suppose a*y + 0*y - 63 = 0. What is the remainder when 2 - (-1 + (-2 - 28)) is divided by y?
6
Let v(f) = -32*f + 1. Let q be (3*(-2)/(-3))/(-2). What is the remainder when v(q) is divided by 7?
5
Let f(x) = -x**3 + 7*x**2 + 7*x - 12. Calculate the remainder when 109 is divided by f(7).
35
Suppose 3*y = 5*a + 78, 32 = 2*y - 3*a - 20. What is the remainder when 178 is divided by y?
22
Suppose -9*q + 895 = -113. Calculate the remainder when q is divided by 38.
36
Let y(d) = -13*d + 11. Let j be 30/(-2)*36/90. What is the remainder when y(j) is divided by 5?
4
Let v(u) = -u**3 + 12*u**2 + 30*u - 13. Calculate the remainder when 296 is divided by v(14).
11
Suppose 5*j + 2*f = 410, -4*f - 143 = 4*j - 483. What is the remainder when 257/4 - 20/j is divided by 14?
8
Suppose -2*b - 2*b + 168 = 3*v, v = 4*b + 72. Suppose 11*x + v = 14*x. Calculate the remainder when 78 is divided by x.
18
What is the remainder when (3 - -29)*21/48*4 is divided by 55?
1
What is the remainder when (-14328)/(-54)*(-6)/(-8) is divided by 25?
24
Suppose -5*k = 19 - 29. Calculate the remainder when 27 is divided by k.
1
Suppose -2*t + 6*t - 80 = -4*m, 3*m = -5*t + 52. Suppose 10*w = 15*w - 475. Calculate the remainder when w is divided by m.
23
Let r(s) = 2*s + 6*s - 5 - s**2 + 7*s**2 - 11*s + s**3. What is the remainder when 49 is divided by r(-6)?
10
Let n = -56 - -102. Suppose 3*v + 61 = 2*q, 0*q + 2*v = -2*q + n. What is the remainder when q is divided by 10?
6
What is the remainder when 8/20 + 388/5 is divided by 36?
6
Suppose -n + 32 = n. Let m be 1 + 1 + 0 - 38. Let v = m - -67. What is the remainder when v is divided by n?
15
Let d(u) = -u**2 - 18*u + 3. Let a be d(-18). Let f = -39 - -107. Calculate the remainder when f is divided by (a/(-6)*23)/(4/(-8)).
22
Let p = 347 - 331. Suppose -2*w + 6 = k, -2*w = -2*k - 0*w + 24. What is the remainder when p is divided by k?
6
Suppose -10*f - 110 = -s - 13*f, 3*s - 342 = -5*f. Calculate the remainder when 370 is divided by s.
13
Suppose -6*l + 1462 = -404. Calculate the remainder when l is divided by 26.
25
Let z = 644 - 624. What is the remainder when z is divided by 4?
0
Let j(z) = -4*z - 3. Let n = 67 + -64. What is the remainder when j(-3) is divided by 7 - (-1 + 4)/n?
3
Let h be (-40)/(-7) - 4/(-14). Suppose -2*c - c + h = 0. Suppose -c*s - 2*s = -184. Calculate the remainder when s is divided by 16.
14
Suppose -2*h + 8 = 4*b, 4*h - 3*b + 0*b = 16. Suppose -5*s + 5 = 0, h*s = 3*l + 3*s - 56. What is the remainder when l is divided by 5?
4
Let u be (-3)/(-1)*4/(-4). What is the remainder when 59 is divided by -12*(u + (-6)/(-4))/3?
5
Suppose 16*j - 7*j = -126. What is the remainder when 36 is divided by 180/(-42)*j/4?
6
Let t = -184 + 1531. Calculate the remainder when t is divided by 30.
27
What is the remainder when 117 is divided by 9/5*15 - -7?
15
Let n(d) be the second derivative of d**4/12 + d**3/3 - 9*d**2/2 + 5*d. What is the remainder when n(-12) is divided by 19?
16
Suppose 0 = 2*q + q - 159. Let v = -11 - 1. Let l = 30 + v. Calculate the remainder when q is divided by l.
17
Let b(h) = -52*h**3 - 3*h**2 + 2. What is the remainder when b(-1) is divided by 6?
3
Let h(n) = 48*n + 2. Let y = -23 + 25. Suppose q + 3*q + y*g - 10 = 0, -4*q + 19 = 5*g. What is the remainder when h(q) is divided by 17?
16
Let b(f) = -f**2 + 21*f - 20. Let p be b(20). Suppose -n = p, -3*k + 2*k + 6 = 3*n. Suppose 0*h - 156 = -k*h. What is the remainder when h is divided by 7?
5
Let l(r) = r**3 - r**2 - 1. Let w be l(1). Suppose 0 = -2*a + 7*a - 60. What is the remainder when 38 + 1*(-2 + w) is divided by a?
11
Let c(m) = m**3 + 17*m**2 + 24*m - 6. Calculate the remainder when c(-15) is divided by 30.
24
Suppose -842*n + 220 = -832*n. Calculate the remainder when 229 is divided by n.
9
Suppose 0 = 4*i - 3*p - 1831, -3*i - p + 718 = -665. Calculate the remainder when i is divided by 44.
20
Let f(b) = b**3 - 7*b**2 - 6*b - 1. Suppose i - 16 = -8. What is the remainder when 35 is divided by f(i)?
5
Suppose 31 = -b - c, 4*c - 79 = 3*b + 21. Let z = -14 - b. Let x(g) = -23*g - 2134. What is the remainder when x(-95) is divided by z?
15
Suppose -5*m + 64 - 14 = 0. Sup